23, 9011
List the prime factors of 19773846.
2, 3, 31, 35437
What are the prime factors of 77849?
77849
List the prime factors of 1412697.
3, 11, 13, 37, 89
What are the prime factors of 4661125?
5, 7, 761
List the prime factors of 691063.
691063
What are the prime factors of 1705629?
3, 199, 2857
What are the prime factors of 2682967?
7, 383281
List the prime factors of 71010.
2, 3, 5, 263
What are the prime factors of 134832?
2, 3, 53
List the prime factors of 8289153.
3, 43, 21419
List the prime factors of 224242.
2, 112121
List the prime factors of 6582314.
2, 521, 6317
List the prime factors of 855326.
2, 29, 14747
List the prime factors of 35989265.
5, 13, 553681
List the prime factors of 3415500.
2, 3, 5, 11, 23
What are the prime factors of 2397263?
11, 217933
What are the prime factors of 270561?
3, 90187
What are the prime factors of 1348193?
7, 11, 17509
What are the prime factors of 117207?
3, 1447
What are the prime factors of 13379212?
2, 7, 11, 359
List the prime factors of 353570.
2, 5, 7, 5051
List the prime factors of 471034.
2, 47, 5011
List the prime factors of 22759.
11, 2069
What are the prime factors of 3248667?
3, 29, 461
List the prime factors of 518655.
3, 5, 71, 487
What are the prime factors of 6259542?
2, 3, 23, 67, 677
What are the prime factors of 25289759?
11, 37, 62137
List the prime factors of 169370.
2, 5, 16937
List the prime factors of 1483507.
1483507
List the prime factors of 11980467.
3, 353, 419
List the prime factors of 5344163.
11, 485833
What are the prime factors of 4162530?
2, 3, 5, 89, 1559
List the prime factors of 6905019.
3, 11, 83, 2521
List the prime factors of 186676.
2, 7, 59, 113
List the prime factors of 4114749.
3, 1371583
What are the prime factors of 699696?
2, 3, 43, 113
List the prime factors of 14678661.
3, 4892887
List the prime factors of 530121.
3, 83, 2129
What are the prime factors of 4064?
2, 127
What are the prime factors of 73099?
13, 5623
What are the prime factors of 6768168?
2, 3, 11, 31, 827
What are the prime factors of 141871?
141871
List the prime factors of 1991699.
263, 7573
What are the prime factors of 6632323?
71, 109, 857
What are the prime factors of 21519025?
5, 11, 17, 4603
What are the prime factors of 50896?
2, 3181
What are the prime factors of 60480?
2, 3, 5, 7
What are the prime factors of 4437139?
7, 633877
What are the prime factors of 19703403?
3, 2189267
List the prime factors of 23834.
2, 17, 701
List the prime factors of 9795.
3, 5, 653
List the prime factors of 643787.
73, 8819
What are the prime factors of 8035546?
2, 4017773
What are the prime factors of 310975?
5, 7, 1777
What are the prime factors of 307679?
313, 983
List the prime factors of 503427.
3, 167809
What are the prime factors of 4781561?
4781561
List the prime factors of 27686338.
2, 2269, 6101
List the prime factors of 14560.
2, 5, 7, 13
What are the prime factors of 144929?
37, 3917
List the prime factors of 220312.
2, 27539
What are the prime factors of 8061983?
23, 350521
List the prime factors of 10938543.
3, 7, 11, 47353
List the prime factors of 13278083.
7, 13, 79, 1847
What are the prime factors of 6439233?
3, 19, 173, 653
What are the prime factors of 3437244?
2, 3, 95479
List the prime factors of 3209941.
7, 109, 601
What are the prime factors of 313450?
2, 5, 6269
List the prime factors of 2585238.
2, 3, 430873
What are the prime factors of 1246215?
3, 5, 251, 331
List the prime factors of 623304.
2, 3, 11, 787
List the prime factors of 994211.
17, 233, 251
List the prime factors of 966624.
2, 3, 10069
List the prime factors of 20427801.
3, 113, 60259
What are the prime factors of 10872574?
2, 5436287
What are the prime factors of 20368524?
2, 3, 11, 23, 6709
List the prime factors of 247329.
3, 27481
What are the prime factors of 971520?
2, 3, 5, 11, 23
What are the prime factors of 1109621?
179, 6199
List the prime factors of 20363689.
20363689
What are the prime factors of 8394039?
3, 17, 83, 661
List the prime factors of 12645357.
3, 953, 4423
List the prime factors of 20700056.
2, 13, 199039
What are the prime factors of 2199557?
167, 13171
List the prime factors of 218445.
3, 5, 14563
List the prime factors of 585173.
53, 61, 181
What are the prime factors of 3216581?
3216581
What are the prime factors of 162516?
2, 3, 29, 467
List the prime factors of 570883.
23, 24821
What are the prime factors of 207838?
2, 103919
What are the prime factors of 753488?
2, 47093
What are the prime factors of 19866009?
3, 31, 213613
List the prime factors of 1013091.
3, 337697
List the prime factors of 7653820.
2, 5, 37, 10343
What are the prime factors of 2298672?
2, 3, 17, 313
List the prime factors of 3292846.
2, 1646423
List the prime factors of 402338.
2, 37, 5437
List the prime factors of 271820.
2, 5, 13591
List the prime factors of 8515172.
2, 71, 29983
List the prime factors of 10759.
7, 29, 53
List the prime factors of 7020028.
2, 131, 13397
List the prime factors of 2725946.
2, 1362973
List the prime factors of 266638.
2, 133319
List the prime factors of 4110490.
2, 5, 411049
List the prime factors of 14375766.
2, 3, 83, 28867
What are the prime factors of 5027198?
2, 11, 228509
What are the prime factors of 1022124?
2, 3, 19, 4483
List the prime factors of 941278.
2, 13, 41, 883
List the prime factors of 252319.
252319
List the prime factors of 637197.
3, 11, 19309
List the prime factors of 5548739.
7, 67, 11831
What are the prime factors of 2076094?
2, 1038047
What are the prime factors of 643234?
2, 321617
What are the prime factors of 817725?
3, 5, 10903
What are the prime factors of 11412588?
2, 3, 11, 31, 2789
What are the prime factors of 3078468?
2, 3, 85513
List the prime factors of 403175.
5, 16127
List the prime factors of 109427.
73, 1499
What are the prime factors of 9231684?
2, 3, 7, 11, 97, 103
List the prime factors of 293919.
3, 97973
List the prime factors of 235797.
3, 53, 1483
What are the prime factors of 1333455?
3, 5, 88897
What are the prime factors of 8768102?
2, 7, 31, 89, 227
What are the prime factors of 381777?
3, 11, 23, 503
List the prime factors of 3959538.
2, 3, 11, 17, 3529
List the prime factors of 133291.
41, 3251
What are the prime factors of 23747595?
3, 5, 331, 4783
List the prime factors of 3773213.
3773213
What are the prime factors of 19344158?
2, 9672079
List the prime factors of 274813.
7, 11, 43, 83
List the prime factors of 595438.
2, 297719
List the prime factors of 52469.
71, 739
List the prime factors of 4822112.
2, 31, 4861
What are the prime factors of 17820502?
2, 7, 1272893
What are the prime factors of 385217?
7, 113, 487
List the prime factors of 234759.
3, 7, 1597
List the prime factors of 4355959.
19, 229261
What are the prime factors of 85029?
3, 7, 4049
What are the prime factors of 706433?
7, 13, 1109
What are the prime factors of 2069694?
2, 3, 11, 10453
What are the prime factors of 1571401?
13, 120877
List the prime factors of 6216784.
2, 7, 47, 1181
List the prime factors of 720260.
2, 5, 36013
List the prime factors of 348368.
2, 21773
List the prime factors of 296723.
7, 19, 23, 97
What are the prime factors of 167358?
2, 3, 27893
List the prime factors of 2027651.
29, 2411
What are the prime factors of 463009?
139, 3331
What are the prime factors of 1538548?
2, 11, 73, 479
List the prime factors of 4493103.
3, 1497701
What are the prime factors of 20629579?
3821, 5399
What are the prime factors of 216538?
2, 7, 15467
What are the prime factors of 16972?
2, 4243
List the prime factors of 6177447.
3, 211, 3253
List the prime factors of 624707.
624707
What are the prime factors of 22694084?
2, 7, 810503
What are the prime factors of 285208?
2, 7, 11, 463
What are the prime factors of 8854684?
2, 19, 263, 443
List the prime factors of 2915806.
2, 17, 191, 449
What are the prime factors of 3724874?
2, 19, 83, 1181
List the prime factors of 178704.
2, 3, 17, 73
List the prime factors of 29697070.
2, 5, 13, 31, 7369
List the prime factors of 2078894.
2, 29, 73, 491
List the prime factors of 188808.
2, 3, 7867
What are the prime factors of 263385?
3, 5, 1951
List the prime factors of 140212.
2, 35053
List the prime factors of 150753.
3, 31, 1621
What are the prime factors of 4030429?
13, 389, 797
What are th